nd 84798033?
2217
What is the greatest common factor of 395 and 1159250?
5
Calculate the highest common divisor of 1584 and 411466.
22
What is the highest common divisor of 1296216 and 81702?
918
What is the greatest common divisor of 115072720 and 1680?
560
What is the greatest common divisor of 35 and 10908445?
5
Calculate the highest common factor of 520296 and 213864.
3192
What is the highest common divisor of 15930 and 689853960?
5310
Calculate the greatest common factor of 26631143 and 1078.
77
Calculate the highest common divisor of 1168 and 113584642.
146
What is the greatest common factor of 11918 and 522574?
202
What is the greatest common divisor of 122200 and 33036770?
6110
What is the greatest common factor of 182537529 and 5571?
1857
What is the highest common divisor of 17448495 and 150?
15
What is the highest common divisor of 6659513 and 4557?
217
Calculate the greatest common divisor of 35396076 and 94.
94
What is the greatest common factor of 44671928 and 68650?
2746
What is the greatest common divisor of 7863828 and 398454?
7518
What is the greatest common divisor of 464184 and 1582?
14
What is the highest common divisor of 17340 and 114726?
6
Calculate the highest common divisor of 574595 and 7595.
35
Calculate the highest common divisor of 492 and 6335853.
123
What is the greatest common divisor of 229040 and 672?
112
What is the greatest common divisor of 62975 and 34309?
11
What is the greatest common divisor of 288 and 1377172?
4
What is the greatest common divisor of 12488 and 711928?
56
Calculate the greatest common divisor of 93284578 and 3644.
1822
What is the highest common divisor of 15899 and 35815?
13
What is the highest common divisor of 216 and 499272?
24
What is the greatest common divisor of 187206941 and 1003?
1003
What is the highest common factor of 772 and 35859014?
386
What is the greatest common factor of 49324548 and 378?
42
What is the greatest common divisor of 2580 and 20746740?
60
Calculate the highest common factor of 776550 and 1320.
30
Calculate the highest common factor of 101112 and 4390329.
1149
What is the highest common factor of 2300111 and 25531?
2321
Calculate the highest common factor of 11767 and 349787523.
1681
What is the greatest common divisor of 3110 and 363899545?
1555
What is the highest common divisor of 110449434 and 18?
6
Calculate the highest common factor of 31880258 and 179.
179
What is the highest common divisor of 5988 and 74594013?
1497
What is the highest common factor of 546919 and 79?
1
What is the greatest common divisor of 5094 and 286128?
18
What is the greatest common divisor of 2044756 and 102096?
2836
Calculate the greatest common factor of 3521 and 4769446.
503
Calculate the greatest common divisor of 20 and 36562595.
5
What is the greatest common factor of 1559884 and 32?
4
What is the highest common divisor of 60 and 77238705?
15
Calculate the highest common factor of 286 and 4255823.
143
Calculate the highest common factor of 1680930 and 29070.
1710
What is the greatest common factor of 2 and 113933?
1
Calculate the greatest common factor of 328660437 and 42.
21
Calculate the greatest common divisor of 153150 and 82695.
15
What is the highest common divisor of 48656647 and 12363?
4121
Calculate the greatest common divisor of 8048160 and 3312.
3312
Calculate the highest common factor of 180232099 and 461.
461
Calculate the greatest common factor of 7140 and 1427286.
714
Calculate the greatest common divisor of 601243 and 230.
23
What is the highest common divisor of 6310823 and 491?
491
Calculate the highest common factor of 376175 and 410.
205
What is the greatest common divisor of 88 and 403766?
22
What is the greatest common divisor of 31410124 and 43?
43
Calculate the greatest common factor of 1555402 and 175466.
2974
Calculate the highest common factor of 112572 and 63.
9
What is the greatest common factor of 1517126 and 7475?
299
What is the highest common divisor of 29707622 and 1176?
98
Calculate the highest common factor of 455 and 89769160.
65
What is the highest common factor of 1638008 and 256?
8
What is the highest common divisor of 32802765 and 16125?
645
Calculate the highest common divisor of 8426 and 160171.
11
What is the highest common factor of 1358215 and 9011605?
2755
What is the highest common factor of 42463663 and 33?
11
What is the highest common factor of 60 and 24259548?
12
Calculate the highest common divisor of 45 and 170348715.
45
Calculate the highest common factor of 42 and 762412252.
14
What is the highest common factor of 1212 and 214482?
6
What is the highest common divisor of 16644 and 4438932?
228
Calculate the highest common divisor of 17868692 and 141048.
2612
Calculate the greatest common divisor of 99486 and 336.
6
What is the highest common factor of 152772 and 3300?
12
Calculate the highest common divisor of 708186 and 2748118.
4454
What is the highest common divisor of 84 and 19016403?
21
What is the greatest common divisor of 6 and 40870506?
6
Calculate the highest common divisor of 218062 and 9412.
26
Calculate the greatest common factor of 1752 and 33955512.
1752
Calculate the greatest common factor of 21505 and 6110225.
935
What is the greatest common divisor of 1088425 and 1768?
221
Calculate the highest common factor of 2510943 and 2623.
61
What is the greatest common divisor of 93780 and 135?
45
Calculate the highest common divisor of 12 and 53431764.
12
What is the highest common factor of 5080191 and 8526?
87
What is the greatest common factor of 297 and 18234645?
33
What is the greatest common divisor of 704370 and 428770?
530
What is the highest common factor of 17 and 4517087?
17
Calculate the greatest common factor of 3980 and 221290.
10
Calculate the highest common divisor of 11071461 and 23253.
1011
Calculate the highest common factor of 466004 and 703990.
1246
Calculate the highest common factor of 915880 and 20160.
280
What is the greatest common factor of 844972 and 366?
122
Calculate the greatest common divisor of 3908525 and 50.
25
What is the greatest common factor of 102353 and 21223?
19
What is the highest common divisor of 42 and 101188430?
14
Calculate the highest common divisor of 39455 and 135265.
65
Calculate the highest common divisor of 77053770 and 585.
45
Calculate the highest common factor of 12970 and 17621042.
2594
What is the highest common factor of 5526205 and 34370?
2455
Calculate the highest common factor of 3780 and 6621118.
14
What is the greatest common factor of 22 and 1572875370?
22
Calculate the highest common divisor of 128293 and 33850168.
1199
Calculate the greatest common factor of 40036 and 94.
2
What is the highest common factor of 338420500 and 100?
100
Calculate the highest common factor of 92261 and 1237886.
611
Calculate the greatest common factor of 906433 and 4598.
209
What is the highest common divisor of 23190 and 58497548?
1546
What is the greatest common divisor of 26920 and 290?
10
What is the highest common divisor of 378630 and 1264095?
315
Calculate the highest common divisor of 742905100 and 2800.
700
What is the highest common factor of 2304 and 2412160?
128
What is the highest common factor of 33769244 and 1472?
92
Calculate the highest common divisor of 343422660 and 42.
42
What is the greatest common divisor of 3380000 and 90400?
800
Calculate the highest common divisor of 3360 and 72070.
10
What is the highest common factor of 932637 and 357?
51
What is the greatest common factor of 755838 and 12609?
27
Calculate the greatest common divisor of 16198 and 50596.
182
What is the highest common factor of 335 and 114905?
335
Calculate the greatest common factor of 1939025 and 616.
11
Calculate the highest common factor of 26894770 and 88970.
2870
Calculate the greatest common divisor of 84 and 14545636.
28
What is the highest common factor of 95817470 and 140?
70
What is the highest common factor of 3501600 and 195?
15
Calculate the highest common divisor of 200718 and 9513868.
826
What is the highest common divisor of 1368 and 89761624?
152
What is the highest common divisor of 56 and 5575304?
56
What is the highest common factor of 7920 and 3590640?
720
Calculate the highest common divisor of 90 and 8825480.
10
What is the highest common d